{"id":276,"date":"2023-11-30T14:42:05","date_gmt":"2023-11-30T14:42:05","guid":{"rendered":"https:\/\/rodrich.com.br\/?page_id=276"},"modified":"2026-04-14T15:42:13","modified_gmt":"2026-04-14T18:42:13","slug":"sustentabilidade","status":"publish","type":"page","link":"https:\/\/rodrich.com.br\/?page_id=276","title":{"rendered":"Gest\u00e3o Comercial"},"content":{"rendered":"\n<!DOCTYPE html>\n<html lang=\"pt-BR\">\n<head>\n    <meta charset=\"UTF-8\">\n    \n    <title>Consultoria Comercial | Rodrich Consultoria<\/title>\n    \n    <meta name=\"description\" content=\"Aumente suas vendas com a consultoria comercial da Rodrich. Estruture seu funil, alinhe a equipe e melhore a performance comercial.\">\n    \n    <\/head>\n\n\n\n<section class=\"so-section\">\n  <div class=\"so-container\">\n    \n    <!-- ESQUERDA -->\n    <div class=\"so-col so-left\">\n      <div class=\"so-inner\">\n        <h1>Gest\u00e3o Comercial<\/h1>\n        <p>\n          Balance quality, cost, and revenue objectives as you\n          delight customers and motivate employees.\n        <\/p>\n      <\/div>\n    <\/div>\n\n    <!-- DIREITA -->\n    <div class=\"so-col so-right\">\n      <div class=\"so-inner\">\n        \n        <!-- BARRAS -->\n        <div class=\"bar b1\"><\/div>\n        <div class=\"bar b2\"><\/div>\n        <div class=\"bar b3\"><\/div>\n        <div class=\"bar b4\"><\/div>\n\n        <!-- LINHA -->\n        <svg class=\"line-chart\" viewBox=\"0 0 300 200\">\n          <polyline \n            points=\"0,180 60,140 120,150 180,90 240,110 300,40\"\n            fill=\"none\"\n            stroke=\"#BC8817\"\n            stroke-width=\"3\"\n          \/>\n        <\/svg>\n\n        <!-- PONTOS -->\n        <div class=\"dot d1\"><\/div>\n        <div class=\"dot d2\"><\/div>\n        <div class=\"dot d3\"><\/div>\n        <div class=\"dot d4\"><\/div>\n        <div class=\"dot d5\"><\/div>\n        <div class=\"dot d6\"><\/div>\n\n      <\/div>\n    <\/div>\n\n  <\/div>\n<\/section>\n\n<style>\n\/* ===== FULL BLEED + CORRE\u00c7\u00c3O DEFINITIVA DO GAP ===== *\/\n.so-section {\n  background: #011E41;\n  color: #fff;\n  height: 400px;\n  width: 100vw;\n  margin-left: calc(50% - 50vw);\n\n  \/* &#x1f525; ESSA \u00c9 A CHAVE *\/\n  margin-top: -120px; \/* ajuste conforme altura do header *\/\n\n  padding-top: 120px; \/* compensa o corte *\/\n\n  overflow: hidden;\n}\n\n\/* ===== GRID ===== *\/\n.so-container {\n  display: grid;\n  grid-template-columns: 1fr 1fr;\n  width: 100%;\n}\n\n\/* COLUNAS *\/\n.so-col {\n  display: flex;\n  justify-content: center;\n}\n\n\/* CONTE\u00daDO *\/\n.so-inner {\n  width: 100%;\n  max-width: 575px;\n  padding: 40px 60px;\n}\n\n\/* TEXTO *\/\n.so-left h2 {\n  font-size: 36px;\n  line-height: 1;\n  font-weight: 300;\n  margin: 0;\n}\n\n.so-left p {\n  font-size: 20px;\n  line-height: 1.6;\n  color: #e5e5e5;\n  margin-top: 20px;\n}\n\n\/* VISUAL *\/\n.so-right .so-inner {\n  position: relative;\n  height: 275px;\n}\n\n\/* BARRAS *\/\n.bar {\n  position: absolute;\n  bottom: 0;\n  width: 30px;\n  background: linear-gradient(180deg, #BC8817, #30001a);\n  animation: growBar 3s ease-in-out infinite alternate;\n}\n\n.b1 { left: 20px; height: 80px; }\n.b2 { left: 80px; height: 140px; }\n.b3 { left: 140px; height: 110px; }\n.b4 { left: 200px; height: 180px; }\n\n\/* LINHA *\/\n.line-chart {\n  position: absolute;\n  top: 0;\n  left: 0;\n  width: 100%;\n  height: 100%;\n}\n\n\/* PONTOS *\/\n.dot {\n  position: absolute;\n  width: 10px;\n  height: 10px;\n  border-radius: 50%;\n  background: #BC8817;\n  animation: pulse 2s infinite;\n}\n\n.d1 { left: 0px; top: 180px; }\n.d2 { left: 60px; top: 140px; }\n.d3 { left: 120px; top: 150px; }\n.d4 { left: 180px; top: 90px; }\n.d5 { left: 240px; top: 110px; }\n.d6 { left: 300px; top: 40px; }\n\n\/* ANIMA\u00c7\u00d5ES *\/\n@keyframes growBar {\n  from { transform: scaleY(0.7); }\n  to { transform: scaleY(1); }\n}\n\n@keyframes pulse {\n  0% { transform: scale(1); opacity: 1; }\n  50% { transform: scale(1.5); opacity: 0.6; }\n  100% { transform: scale(1); opacity: 1; }\n}\n\n\/* RESPONSIVO *\/\n@media (max-width: 1024px) {\n  .so-container {\n    grid-template-columns: 1fr;\n  }\n\n  .so-inner {\n    padding: 40px 20px;\n  }\n\n  .so-left h1 {\n    font-size: 28px;\n  }\n}\n<\/style>\n\n\n\n<div id=\"bloco-conteudo-custom\">\n  <div class=\"linha topo\">\n    <div class=\"coluna texto\">\n      <h1>Gest\u00e3o Comercial<\/h1><br><br>\n      <p>Muitos neg\u00f3cios perdem oportunidades por n\u00e3o ter um modelo comercial estruturado.<br>\nNossa <b>consultoria em gest\u00e3o comercial<\/b> fortalece toda a opera\u00e7\u00e3o de vendas \u2014 da prospec\u00e7\u00e3o ao p\u00f3s-venda \u2014 com foco em convers\u00e3o, relacionamento e rentabilidade.<\/p>\n    <\/div>\n    <div class=\"coluna imagem somente-desktop\">\n      <img decoding=\"async\" src=\"https:\/\/rodrich.com.br\/wp-content\/uploads\/2025\/10\/rrh_283917297.png\" alt=\"Reuni\u00e3o empresarial\">\n    <\/div>\n  <\/div>\n\n  <div class=\"linha base\">\n    <div class=\"coluna texto\"><br><br>\n      <h2>Indicadores de que sua empresa precisa de uma nova estrat\u00e9gia:<\/h2>\n      <ul>\n        <li>Falta de metas e indicadores de desempenho.<\/li>\n        <li>Leads sem acompanhamento.<\/li>\n        <li>Taxa de convers\u00e3o baixa.<\/li>\n        <li>Vendedores sem m\u00e9todo.<\/li>\n        <li>Rotatividade alta da equipe comercial.<\/li>\n        <li>Queda na performance mesmo com aumento de esfor\u00e7o.<\/li>\n      <\/ul>\n    <\/div>\n  <\/div>\n<\/div>\n\n<style>\n  \/* Escopo isolado no #bloco-conteudo-custom *\/\n  #bloco-conteudo-custom {\n    font-family: inherit;\n    margin: 40px 0;\n    padding: 0 20px;\n  }\n\n  #bloco-conteudo-custom .linha {\n    display: flex;\n    flex-wrap: wrap;\n    gap: 30px;\n    margin-bottom: 40px;\n  }\n\n  #bloco-conteudo-custom .coluna {\n    flex: 1;\n    min-width: 280px;\n  }\n\n  #bloco-conteudo-custom .coluna.texto p {\n    margin-bottom: 16px;\n    font-size: 1rem;\n    line-height: 1.6;\n    color: #111;\n  }\n\n  #bloco-conteudo-custom .coluna.texto h2 {\n    font-size: 1.2rem;\n    margin-bottom: 15px;\n    color: #000;\n  }\n\n  #bloco-conteudo-custom .coluna.texto ul {\n    list-style: square;\n    padding-left: 20px;\n    color: #111;\n  }\n\n  #bloco-conteudo-custom .coluna.texto ul li {\n    margin-bottom: 10px;\n    font-size: 0.95rem;\n  }\n\n  #bloco-conteudo-custom .coluna.imagem img {\n    max-width: 100%;\n    height: auto;\n    display: block;\n    border-radius: 8px;\n  }\n\n  \/* Oculta a imagem em telas pequenas *\/\n  @media (max-width: 768px) {\n    #bloco-conteudo-custom .linha {\n      flex-direction: column;\n    }\n\n    #bloco-conteudo-custom .somente-desktop {\n      display: none !important;\n    }\n  }\n<\/style>\n\n\n\n<div style=\"height:25px\" aria-hidden=\"true\" class=\"wp-block-spacer\"><\/div>\n\n\n\n<div id=\"cliente-modulo\">\n  <h2 class=\"secao-titulo\">Como ajudamos sua empresa:<\/h2>\n\n  <div class=\"botoes-servico\">\n    <button class=\"btn-servico ativo\" data-content=\"estrategia\">Diagn\u00f3stico Comercial<\/button>\n    <button class=\"btn-servico\" data-content=\"marketing\">Modelagem de Funil de Vendas<\/button>\n    <button class=\"btn-servico\" data-content=\"vendas\">Treinamento e Desenvolvimento<\/button>\n  <\/div>\n\n  <div class=\"conteudo-servico\" id=\"conteudo-servico\">\n    <h3>Diagn\u00f3stico Comercial Completo<\/h3>\n    <p>Analisamos todos os est\u00e1gios do funil de vendas para identificar gargalos, oportunidades e prioridades de a\u00e7\u00e3o.<\/p>\n  <\/div>\n<\/div>\n\n<style>\n  \/* Escopo isolado dentro do #cliente-modulo *\/\n  #cliente-modulo {\n    font-family: inherit;\n    margin-top: 20px;\n  }\n\n  #cliente-modulo .secao-titulo {\n    font-size: 1.2rem;\n    margin-bottom: 15px;\n  }\n\n  #cliente-modulo .botoes-servico {\n    display: flex;\n    flex-wrap: wrap;\n    gap: 10px;\n    margin-bottom: 20px;\n  }\n\n  #cliente-modulo .btn-servico {\n    background-color: #DFE7EA;\n    color: #000;\n    border: none;\n    padding: 8px 16px;\n    border-radius: 20px;\n    cursor: pointer;\n    font-size: 0.95rem;\n    transition: background-color 0.3s, color 0.3s;\n    white-space: nowrap;\n  }\n\n  #cliente-modulo .btn-servico.ativo {\n    background-color: #011E41;\n    color: #fff;\n  }\n\n  #cliente-modulo .conteudo-servico h3 {\n    font-size: 1.1rem;\n    margin-bottom: 10px;\n  }\n\n  #cliente-modulo .conteudo-servico p {\n    font-size: 0.95rem;\n    line-height: 1.5;\n  }\n\n  \/* Responsividade *\/\n  @media (max-width: 600px) {\n    #cliente-modulo .botoes-servico {\n      flex-direction: column;\n      align-items: flex-start;\n    }\n\n    #cliente-modulo .btn-servico {\n      width: 100%;\n    }\n  }\n<\/style>\n\n<script>\n  (function () {\n    const botoes = document.querySelectorAll('#cliente-modulo .btn-servico');\n    const conteudo = document.getElementById('conteudo-servico');\n\n    const textos = {\n      estrategia: `\n        <h3>Diagn\u00f3stico Comercial Completo<\/h3>\n        <p>Analisamos todos os est\u00e1gios do funil de vendas para identificar gargalos, oportunidades e prioridades de a\u00e7\u00e3o.<\/p>\n      `,\n      marketing: `\n        <h3>Modelagem de Funil de Vendas<\/h3>\n        <p>Estruturamos o fluxo de prospec\u00e7\u00e3o, qualifica\u00e7\u00e3o, negocia\u00e7\u00e3o e fechamento, tornando o processo previs\u00edvel e mensur\u00e1vel.<\/p>\n      `,\n      vendas: `\n        <h3>Treinamento e Desenvolvimento de Equipes Comerciais<\/h3>\n        <p>Capacitamos vendedores e gestores para atua\u00e7\u00e3o consultiva, com foco em resultados sustent\u00e1veis.<\/p>\n      `,\n      servicos: `\n        <h3><\/h3>\n        <p><\/p>\n      `,\n      precificacao: `\n        <h3><\/h3>\n        <p><\/p>\n      `,\n      simulacao: `\n        <h3><\/h3>\n        <p><\/p>\n      `,\n      clientes: `\n        <h3><\/h3>\n        <p><\/p>\n      `\n    };\n\n    botoes.forEach(botao => {\n      botao.addEventListener('click', () => {\n        \/\/ Troca texto\n        const tipo = botao.getAttribute('data-content');\n        conteudo.innerHTML = textos[tipo];\n\n        \/\/ Atualiza bot\u00e3o ativo\n        botoes.forEach(b => b.classList.remove('ativo'));\n        botao.classList.add('ativo');\n      });\n    });\n  })();\n<\/script>\n\n\n\n<div style=\"height:100px\" aria-hidden=\"true\" class=\"wp-block-spacer\"><\/div>\n\n\n\n<style>\n\/* =============================== *\/\n\/* SE\u00c7\u00c3O DE LARGURA TOTAL - ISOLADA *\/\n\/* =============================== *\/\n\n.fullwidth-section {\n  width: 100vw;\n  position: relative;\n  left: 50%;\n  right: 50%;\n  margin-left: -50vw;\n  margin-right: -50vw;\n  max-width: none;\n  background-color: #007BFF; \/* azul principal do site *\/\n  color: white;\n  padding: 60px 10%;\n  display: flex;\n  align-items: center;\n  justify-content: flex-start;\n  box-sizing: border-box;\n  overflow: hidden;\n}\n\n.fullwidth-section .section-content {\n  max-width: 900px;\n}\n\n.fullwidth-section .section-content h1 {\n  font-size: 2.5em;\n  margin: 0 0 10px;\n}\n\n.fullwidth-section .section-content p {\n  font-size: 1.2em;\n  margin: 0 0 20px;\n}\n\n.fullwidth-section .btn-fale-conosco {\n  background-color: #E4E9F0; \/* cinza *\/\n  color: #333;\n  padding: 12px 30px;\n  border: none;\n  border-radius: 4px;\n  font-size: 1em;\n  cursor: pointer;\n  transition: all 0.3s ease;\n  text-decoration: none;\n  display: inline-block;\n}\n\n.fullwidth-section .btn-fale-conosco:hover {\n  background-color: #00008B; \/* azul *\/\n  color: #FFF;\n}\n\n\/* =============================== *\/\n\/* RESPONSIVIDADE *\/\n\/* =============================== *\/\n\n\/* Tablets e telas m\u00e9dias *\/\n@media (max-width: 992px) {\n  .fullwidth-section {\n    padding: 50px 8%;\n  }\n\n  .fullwidth-section .section-content h1 {\n    font-size: 2em;\n  }\n\n  .fullwidth-section .section-content p {\n    font-size: 1.1em;\n  }\n}\n\n\/* Smartphones *\/\n@media (max-width: 600px) {\n  .fullwidth-section {\n    flex-direction: column;     \/* empilha os elementos *\/\n    align-items: flex-start;\n    padding: 40px 6%;\n  }\n\n  .fullwidth-section .section-content {\n    max-width: 100%;\n  }\n\n  .fullwidth-section .section-content h1 {\n    font-size: 1.8em;\n  }\n\n  .fullwidth-section .section-content p {\n    font-size: 1em;\n  }\n\n  .fullwidth-section .btn-fale-conosco {\n    width: 100%;              \/* bot\u00e3o ocupa toda a largura *\/\n    text-align: center;\n    padding: 14px 0;\n    font-size: 1.1em;\n  }\n}\n<\/style>\n\n<!-- SE\u00c7\u00c3O DE LARGURA TOTAL -->\n<section class=\"fullwidth-section\">\n  <div class=\"section-content\">\n    <h1>Venda mais com gest\u00e3o comercial inteligente.<\/h1>\n    <p>Aumente sua performance de vendas com processos estruturados e equipes orientadas a resultados.<br>Conte com a Rodrich para impulsionar seu crescimento comercial de forma previs\u00edvel e lucrativa.<\/br><\/p>\n    <a href=\"https:\/\/rodrich.com.br\/?page_id=47\" class=\"btn-fale-conosco\">SOLICITE UMA CONSULTA<\/a>\n  <\/div>\n<\/section>\n\n\n\n<div style=\"height:100px\" aria-hidden=\"true\" class=\"wp-block-spacer\"><\/div>\n\n\n\n<div id=\"separador-servicos\">\n  <div class=\"linha\"><\/div>\n  <span class=\"titulo\">Servi\u00e7os<\/span>\n  <div class=\"linha\"><\/div>\n<\/div>\n\n<style>\n  #separador-servicos {\n    display: flex;\n    align-items: center;\n    justify-content: center;\n    gap: 20px;\n    margin: 40px 0;\n    padding: 0 20px;\n    width: 100%;\n    box-sizing: border-box;\n  }\n\n  #separador-servicos .linha {\n    flex: 1;\n    height: 1px;\n    background-color: #ccc;\n  }\n\n  #separador-servicos .titulo {\n    white-space: nowrap;\n    font-weight: bold;\n    font-size: 1.9em;\n    color: #444;\n    font-family: ;\n  }\n\n  @media (max-width: 600px) {\n    #separador-servicos {\n      gap: 12px;\n    }\n\n    #separador-servicos .titulo {\n      font-size: 1.3rem;\n    }\n  }\n<\/style>\n\n\n\n\n\n<div style=\"height:100px\" aria-hidden=\"true\" class=\"wp-block-spacer\"><\/div>\n\n\n\n<!-- ==== IN\u00cdCIO DO RODAP\u00c9 PERSONALIZADO ==== --> \n<div class=\"footer-custom\">\n  <div class=\"footer-wrapper\">\n\n    <!-- LOGO -->\n    <div class=\"footer-logo\">\n      <img decoding=\"async\" src=\"https:\/\/rodrich.com.br\/wp-content\/uploads\/2023\/11\/LOGO-NAME-R-150.png\" alt=\"Company Logo\">\n    <\/div>\n\n    <div class=\"footer-columns\">\n\n      <!-- COLUNA 1 -->\n      <div class=\"footer-col\">\n        <h4>SOBRE A RODRICH<\/h4>\n        <a href=\"#\">Prop\u00f3sito e valores<\/a>\n        <a href=\"#\">O que oferecemos<\/a>\n        <a href=\"#\">Compromisso com resultados<\/a>\n        <a href=\"#\">Compromisso com o desenvolvimento<\/a>\n        <a href=\"#\"><\/a>\n      <\/div>\n\n      <!-- COLUNA 2 -->\n      <div class=\"footer-col\">\n        <h4>SERVI\u00c7OS<\/h4>\n        <a href=\"#\">Consultoria<\/a>\n        <a href=\"#\">Gest\u00e3o<\/a>\n        <a href=\"#\">Economia<\/a>\n        <a href=\"#\">Educa\u00e7\u00e3o<\/a>\n        <a href=\"#\"><\/a>\n      <\/div>\n\n      <!-- COLUNA 3 -->\n      <div class=\"footer-col\">\n        <h4>EXPLORE<\/h4>\n        <a href=\"#\">Artigo<\/a>\n        <a href=\"#\">Videos<\/a>\n        <a href=\"#\"><\/a>\n        <a href=\"#\"><\/a>\n      <\/div>\n\n      <!-- COLUNA 4 -->\n      <div class=\"footer-col\">\n        <h4>INFORMA\u00c7\u00d5ES RELACIONADAS<\/h4>\n        <a href=\"https:\/\/rodrich.com.br\/?page_id=47\">Fale conosco<\/a>\n        <a href=\"https:\/\/rodrich.com.br\/?page_id=1037\">Mapa do site<\/a>\n        <a href=\"https:\/\/rodrich.com.br\/?page_id=174\">Pol\u00edtica de privacidade<\/a>\n        <a href=\"https:\/\/rodrich.com.br\/?page_id=2432\">Termos de uso<\/a>\n      <\/div>\n\n      <!-- COLUNA 5 -->\n      <div class=\"footer-col footer-social-col\">\n        <h4>REDE RODRICH<\/h4>\n\n        <div class=\"footer-social\">\n          <a href=\"#\"><img decoding=\"async\" src=\"https:\/\/img.icons8.com\/?size=100&#038;id=Qfh1PDlzLB72&#038;format=png&#038;color=FFFFFF\" alt=\"LinkedIn\"><\/a>\n          <a href=\"#\"><img decoding=\"async\" src=\"https:\/\/img.icons8.com\/?size=100&#038;id=oNs9WuTrXJUL&#038;format=png&#038;color=FFFFFF\" alt=\"YouTube\"><\/a>\n          <a href=\"#\"><img decoding=\"async\" src=\"https:\/\/img.icons8.com\/?size=100&#038;id=p6GOWHmaPzFt&#038;format=png&#038;color=FFFFFF\" alt=\"Instagram\"><\/a>\n          <a href=\"#\"><img decoding=\"async\" src=\"https:\/\/img.icons8.com\/?size=100&#038;id=aaoukT8evpOE&#038;format=png&#038;color=FFFFFF\" alt=\"TikTok\"><\/a>\n          <a href=\"#\"><img decoding=\"async\" src=\"https:\/\/img.icons8.com\/?size=100&#038;id=0mRu7iM61Z8k&#038;format=png&#038;color=FFFFFF\" alt=\"Facebook\"><\/a>\n        <\/div>\n\n      <\/div>\n\n    <\/div>\n\n  <\/div>\n\n<style>\n\/* ====== ESTILO BASE ====== *\/\n\n.footer-custom {\n  border-top: 1px solid #0A2354;\n  background: #0A2354;\n  color: #fff;\n  padding: 60px 5% 40px;\n  box-sizing: border-box;\n  width: 100vw;\n  position: relative;\n  left: 50%;\n  right: 50%;\n  margin-left: -50vw;\n  margin-right: -50vw;\n  margin-bottom: 0 !important;\n}\n\n.footer-wrapper {\n  max-width: 1400px;\n  margin: auto;\n}\n\n\/* LOGO *\/\n\n.footer-logo {\n  margin-bottom: 45px;\n}\n\n.footer-logo img {\n  max-width: 200px;\n  height: auto;\n}\n\n\/* COLUNAS *\/\n\n.footer-columns {\n  display: grid;\n  grid-template-columns: repeat(5, 1fr);\n  column-gap: 70px;\n  align-items: start;\n}\n\n.footer-col {\n  display: flex;\n  flex-direction: column;\n}\n\n\/* TITULOS *\/\n\n.footer-col h4 {\n  font-size: 16px;\n  margin-bottom: 18px;\n  font-weight: 600;\n}\n\n\/* LINKS (MICRO-ESPA\u00c7AMENTO PREMIUM) *\/\n\n.footer-col a {\n  color: #DFE8E9;\n  text-decoration: none;\n  font-size: 14px;\n  margin: 5px 0;\n  line-height: 1.55;\n  letter-spacing: 0.2px;\n  transition: color 0.2s ease;\n}\n\n.footer-col a:hover {\n  color: #ffffff;\n}\n\n\/* SOCIAL *\/\n\n.footer-social {\n  display: flex;\n  gap: 12px;\n  margin-top: 8px;\n}\n\n.footer-social img {\n  width: 32px;\n  height: 32px;\n  border-radius: 6px;\n  transition: transform 0.2s ease;\n}\n\n.footer-social img:hover {\n  transform: scale(1.1);\n}\n\n\/* ===== AJUSTE DESKTOP SPINTECH ===== *\/\n\n@media (min-width: 769px) {\n\n.post-section,\n#post-section,\n.st-py-default,\n.st-pb-default {\n  margin-bottom: 0 !important;\n  padding-bottom: 0 !important;\n}\n\n.footer-custom {\n  margin-top: 0 !important;\n}\n\n}\n\n\/* ===== RESPONSIVO ===== *\/\n\n@media (max-width: 1024px) {\n\n.footer-columns {\n  grid-template-columns: repeat(2, 1fr);\n  row-gap: 35px;\n}\n\n}\n\n@media (max-width: 768px) {\n\n.footer-custom {\n  padding: 40px 8% 30px;\n  margin-bottom: 0 !important;\n}\n\n.footer-columns {\n  grid-template-columns: 1fr;\n  row-gap: 28px;\n}\n\n.footer-logo {\n  margin-bottom: 30px;\n}\n\n\/* REMOVE ESPA\u00c7O ABAIXO DO RODAP\u00c9 NO MOBILE *\/\n\n.post-section,\n#post-section,\n.st-py-default,\n.st-pb-default,\n.site-footer,\n.footer,\n.st-footer {\n  margin-bottom: 0 !important;\n  padding-bottom: 0 !important;\n}\n\nbody {\n  margin-bottom: 0 !important;\n}\n\n}\n\n\/* ===== COR DO RODAP\u00c9 SPINTECH ===== *\/\n\nfooter,\nfooter .site-footer,\nfooter .footer,\nfooter .st-footer,\n.site-footer,\n.footer,\n.st-footer,\n.footer-widgets,\n.footer-widgets .widget,\n.footer-widgets .widget * {\n  background-color: #0A2354 !important;\n  color: #fff !important;\n}\n\n.footer-info,\n.footer-info *,\n.site-footer .site-info,\n.site-footer .site-info * {\n  background-color: #0A2354 !important;\n  color: #fff !important;\n}\n\n<\/style>\n<\/div>\n<!-- ==== FIM DO RODAP\u00c9 PERSONALIZADO ==== -->\n\n\n","protected":false},"excerpt":{"rendered":"<p>Consultoria Comercial | Rodrich Consultoria Gest\u00e3o Comercial Balance quality, cost, and revenue objectives as you delight customers and motivate employees. Gest\u00e3o Comercial Muitos neg\u00f3cios perdem oportunidades por n\u00e3o ter um modelo comercial estruturado. Nossa consultoria em gest\u00e3o comercial fortalece toda a opera\u00e7\u00e3o de vendas \u2014 da prospec\u00e7\u00e3o ao p\u00f3s-venda \u2014 com foco em convers\u00e3o, relacionamento [&hellip;]<\/p>\n","protected":false},"author":1,"featured_media":0,"parent":0,"menu_order":0,"comment_status":"closed","ping_status":"closed","template":"","meta":{"footnotes":""},"class_list":["post-276","page","type-page","status-publish","hentry"],"_links":{"self":[{"href":"https:\/\/rodrich.com.br\/index.php?rest_route=\/wp\/v2\/pages\/276","targetHints":{"allow":["GET"]}}],"collection":[{"href":"https:\/\/rodrich.com.br\/index.php?rest_route=\/wp\/v2\/pages"}],"about":[{"href":"https:\/\/rodrich.com.br\/index.php?rest_route=\/wp\/v2\/types\/page"}],"author":[{"embeddable":true,"href":"https:\/\/rodrich.com.br\/index.php?rest_route=\/wp\/v2\/users\/1"}],"replies":[{"embeddable":true,"href":"https:\/\/rodrich.com.br\/index.php?rest_route=%2Fwp%2Fv2%2Fcomments&post=276"}],"version-history":[{"count":104,"href":"https:\/\/rodrich.com.br\/index.php?rest_route=\/wp\/v2\/pages\/276\/revisions"}],"predecessor-version":[{"id":4224,"href":"https:\/\/rodrich.com.br\/index.php?rest_route=\/wp\/v2\/pages\/276\/revisions\/4224"}],"wp:attachment":[{"href":"https:\/\/rodrich.com.br\/index.php?rest_route=%2Fwp%2Fv2%2Fmedia&parent=276"}],"curies":[{"name":"wp","href":"https:\/\/api.w.org\/{rel}","templated":true}]}}