{"id":47,"date":"2023-11-13T20:31:50","date_gmt":"2023-11-13T20:31:50","guid":{"rendered":"http:\/\/rodrich.com.br\/?page_id=47"},"modified":"2026-03-10T23:30:54","modified_gmt":"2026-03-11T02:30:54","slug":"contato","status":"publish","type":"page","link":"https:\/\/rodrich.com.br\/?page_id=47","title":{"rendered":"Fale Conosco"},"content":{"rendered":"\n<h3 class=\"wp-block-heading\">Obrigado pelo seu interesse. Como podemos ajudar?<\/h3>\n\n\n\n<div style=\"height:25px\" aria-hidden=\"true\" class=\"wp-block-spacer\"><\/div>\n\n\n\n<p>Para melhor atend\u00ea-lo(a), por favor, preencha o formul\u00e1rio abaixo.<\/p>\n\n\n\n<div style=\"height:30px\" aria-hidden=\"true\" class=\"wp-block-spacer\"><\/div>\n\n\n\n<p><font size=\"2\">Campos de preenchimento obrigat\u00f3rio (*).<\/p><\/font>\n\n\n\n<div style=\"height:30px\" aria-hidden=\"true\" class=\"wp-block-spacer\"><\/div>\n\n\n\n<div class=\"wpcf7 no-js\" id=\"wpcf7-f117-o1\" lang=\"pt-BR\" dir=\"ltr\" data-wpcf7-id=\"117\">\n<div class=\"screen-reader-response\"><p role=\"status\" aria-live=\"polite\" aria-atomic=\"true\"><\/p> <ul><\/ul><\/div>\n<form action=\"\/index.php?rest_route=%2Fwp%2Fv2%2Fpages%2F47#wpcf7-f117-o1\" method=\"post\" class=\"wpcf7-form init\" aria-label=\"Formul\u00e1rios de contato\" novalidate=\"novalidate\" data-status=\"init\">\n<fieldset class=\"hidden-fields-container\"><input type=\"hidden\" name=\"_wpcf7\" value=\"117\" \/><input type=\"hidden\" name=\"_wpcf7_version\" value=\"6.1.5\" \/><input type=\"hidden\" name=\"_wpcf7_locale\" value=\"pt_BR\" \/><input type=\"hidden\" name=\"_wpcf7_unit_tag\" value=\"wpcf7-f117-o1\" \/><input type=\"hidden\" name=\"_wpcf7_container_post\" value=\"0\" \/><input type=\"hidden\" name=\"_wpcf7_posted_data_hash\" value=\"\" \/>\n<\/fieldset>\n<p><label> Primeiro nome*<br \/>\n<span class=\"wpcf7-form-control-wrap\" data-name=\"your-name\"><input size=\"40\" maxlength=\"400\" class=\"wpcf7-form-control wpcf7-text wpcf7-validates-as-required\" autocomplete=\"name\" aria-required=\"true\" aria-invalid=\"false\" value=\"\" type=\"text\" name=\"your-name\" \/><\/span> <\/label>\n<\/p>\n<p><label> Sobrenome*<br \/>\n<span class=\"wpcf7-form-control-wrap\" data-name=\"your-lastname\"><input size=\"40\" maxlength=\"400\" class=\"wpcf7-form-control wpcf7-text wpcf7-validates-as-required\" autocomplete=\"lastname\" aria-required=\"true\" aria-invalid=\"false\" value=\"\" type=\"text\" name=\"your-lastname\" \/><\/span> <\/label>\n<\/p>\n<p><label> E-mail*<br \/>\n<span class=\"wpcf7-form-control-wrap\" data-name=\"your-email\"><input size=\"40\" maxlength=\"400\" class=\"wpcf7-form-control wpcf7-email wpcf7-validates-as-required wpcf7-text wpcf7-validates-as-email\" autocomplete=\"email\" aria-required=\"true\" aria-invalid=\"false\" value=\"\" type=\"email\" name=\"your-email\" \/><\/span> <\/label>\n<\/p>\n<p><label> Telefone* (DDD + Telefone)<br \/>\n<span class=\"wpcf7-form-control-wrap\" data-name=\"your-tel-576\"><input size=\"40\" maxlength=\"400\" class=\"wpcf7-form-control wpcf7-tel wpcf7-validates-as-required wpcf7-text wpcf7-validates-as-tel\" autocomplete=\"tel-576\" aria-required=\"true\" aria-invalid=\"false\" value=\"\" type=\"tel\" name=\"your-tel-576\" \/><\/span> <\/label>\n<\/p>\n<p><label> Empresa \/ Organiza\u00e7\u00e3o*<br \/>\n<span class=\"wpcf7-form-control-wrap\" data-name=\"your-company\"><input size=\"40\" maxlength=\"400\" class=\"wpcf7-form-control wpcf7-text wpcf7-validates-as-required\" autocomplete=\"company\" aria-required=\"true\" aria-invalid=\"false\" value=\"\" type=\"text\" name=\"your-company\" \/><\/span> <\/label>\n<\/p>\n<p><label> Segmento da empresa*<br \/>\n<span class=\"wpcf7-form-control-wrap\" data-name=\"menu-514\"><select class=\"wpcf7-form-control wpcf7-select wpcf7-validates-as-required\" aria-required=\"true\" aria-invalid=\"false\" name=\"menu-514\"><option value=\"\">&#8212;Escolha uma op\u00e7\u00e3o&#8212;<\/option><option value=\"Agroneg\u00f3cio\">Agroneg\u00f3cio<\/option><option value=\"Automotivo\">Automotivo<\/option><option value=\"Varejo e Consumo\">Varejo e Consumo<\/option><option value=\"Minera\u00e7\u00e3o\">Minera\u00e7\u00e3o<\/option><option value=\"Energia e Utilidade P\u00fablica\">Energia e Utilidade P\u00fablica<\/option><option value=\"Bancos\">Bancos<\/option><option value=\"Sa\u00fade\">Sa\u00fade<\/option><option value=\"Farmac\u00eautica\">Farmac\u00eautica<\/option><option value=\"Fabrica\u00e7\u00e3o Industrial\">Fabrica\u00e7\u00e3o Industrial<\/option><option value=\"Transporte e Log\u00edstica\">Transporte e Log\u00edstica<\/option><option value=\"Empresas Familiares\">Empresas Familiares<\/option><option value=\"Servi\u00e7os Profissionais Diversos\">Servi\u00e7os Profissionais Diversos<\/option><option value=\"Educa\u00e7\u00e3o\">Educa\u00e7\u00e3o<\/option><option value=\"Servi\u00e7os ao Governo &amp; Setor P\u00fablico\">Servi\u00e7os ao Governo &amp; Setor P\u00fablico<\/option><option value=\"Tecnologia\">Tecnologia<\/option><option value=\"Outro\">Outro<\/option><\/select><\/span> <\/label>\n<\/p>\n<p><label> Assunto*<br \/>\n<span class=\"wpcf7-form-control-wrap\" data-name=\"menu-120\"><select class=\"wpcf7-form-control wpcf7-select wpcf7-validates-as-required\" aria-required=\"true\" aria-invalid=\"false\" name=\"menu-120\"><option value=\"\">&#8212;Escolha uma op\u00e7\u00e3o&#8212;<\/option><option value=\"Solicitar Servi\u00e7o\">Solicitar Servi\u00e7o<\/option><option value=\"Palestras, Semin\u00e1rios e Eventos\">Palestras, Semin\u00e1rios e Eventos<\/option><option value=\"Imprensa\">Imprensa<\/option><option value=\"Publica\u00e7\u00f5es\">Publica\u00e7\u00f5es<\/option><option value=\"M\u00eddias Sociais\">M\u00eddias Sociais<\/option><option value=\"Outro\">Outro<\/option><\/select><\/span> <\/label>\n<\/p>\n<p><label> Mensagem*<br \/>\n<span class=\"wpcf7-form-control-wrap\" data-name=\"your-message\"><textarea cols=\"40\" rows=\"10\" maxlength=\"2000\" class=\"wpcf7-form-control wpcf7-textarea wpcf7-validates-as-required\" autocomplete=\"message\" aria-required=\"true\" aria-invalid=\"false\" name=\"your-message\"><\/textarea><\/span> <\/label>\n<\/p>\n<font size=\"2\">A Rodrich est\u00e1 comprometida em proteger suas informa\u00e7\u00f5es, utilizando-as de acordo com a Lei Geral de Prote\u00e7\u00e3o de Dados Pessoais (Lei n\u00b0 13.709\/18), nossas pol\u00edticas internas e nossa pol\u00edtica de privacidade. Suas informa\u00e7\u00f5es ser\u00e3o tratadas com cuidado, respeitando a sua privacidade.\n<\/font>\n<p><br \/>\n<input class=\"wpcf7-form-control wpcf7-submit has-spinner\" type=\"submit\" value=\"Enviar\" \/>\n<\/p><div class=\"wpcf7-response-output\" aria-hidden=\"true\"><\/div>\n<\/form>\n<\/div>\n\n\n\n\n<div style=\"height:100px\" aria-hidden=\"true\" class=\"wp-block-spacer\"><\/div>\n\n\n\n<!-- ==== IN\u00cdCIO DO RODAP\u00c9 PERSONALIZADO ==== --> \n<div class=\"footer-custom\">\n  <div class=\"footer-wrapper\">\n\n    <!-- LOGO -->\n    <div class=\"footer-logo\">\n      <img decoding=\"async\" src=\"https:\/\/rodrich.com.br\/wp-content\/uploads\/2023\/11\/LOGO-NAME-R-150.png\" alt=\"Company Logo\">\n    <\/div>\n\n    <div class=\"footer-columns\">\n\n      <!-- COLUNA 1 -->\n      <div class=\"footer-col\">\n        <h4>SOBRE A RODRICH<\/h4>\n        <a href=\"#\">Prop\u00f3sito e valores<\/a>\n        <a href=\"#\">O que oferecemos<\/a>\n        <a href=\"#\">Compromisso com resultados<\/a>\n        <a href=\"#\">Compromisso com o desenvolvimento<\/a>\n        <a href=\"#\"><\/a>\n      <\/div>\n\n      <!-- COLUNA 2 -->\n      <div class=\"footer-col\">\n        <h4>SERVI\u00c7OS<\/h4>\n        <a href=\"#\">Consultoria<\/a>\n        <a href=\"#\">Gest\u00e3o<\/a>\n        <a href=\"#\">Economia<\/a>\n        <a href=\"#\">Educa\u00e7\u00e3o<\/a>\n        <a href=\"#\"><\/a>\n      <\/div>\n\n      <!-- COLUNA 3 -->\n      <div class=\"footer-col\">\n        <h4>EXPLORE<\/h4>\n        <a href=\"#\">Artigo<\/a>\n        <a href=\"#\">Videos<\/a>\n        <a href=\"#\"><\/a>\n        <a href=\"#\"><\/a>\n      <\/div>\n\n      <!-- COLUNA 4 -->\n      <div class=\"footer-col\">\n        <h4>INFORMA\u00c7\u00d5ES RELACIONADAS<\/h4>\n        <a href=\"https:\/\/rodrich.com.br\/?page_id=47\">Fale conosco<\/a>\n        <a href=\"https:\/\/rodrich.com.br\/?page_id=1037\">Mapa do site<\/a>\n        <a href=\"https:\/\/rodrich.com.br\/?page_id=174\">Pol\u00edtica de privacidade<\/a>\n        <a href=\"https:\/\/rodrich.com.br\/?page_id=2432\">Termos de uso<\/a>\n      <\/div>\n\n      <!-- COLUNA 5 -->\n      <div class=\"footer-col footer-social-col\">\n        <h4>REDE RODRICH<\/h4>\n\n        <div class=\"footer-social\">\n          <a href=\"#\"><img decoding=\"async\" src=\"https:\/\/img.icons8.com\/?size=100&#038;id=Qfh1PDlzLB72&#038;format=png&#038;color=FFFFFF\" alt=\"LinkedIn\"><\/a>\n          <a href=\"#\"><img decoding=\"async\" src=\"https:\/\/img.icons8.com\/?size=100&#038;id=oNs9WuTrXJUL&#038;format=png&#038;color=FFFFFF\" alt=\"YouTube\"><\/a>\n          <a href=\"#\"><img decoding=\"async\" src=\"https:\/\/img.icons8.com\/?size=100&#038;id=p6GOWHmaPzFt&#038;format=png&#038;color=FFFFFF\" alt=\"Instagram\"><\/a>\n          <a href=\"#\"><img decoding=\"async\" src=\"https:\/\/img.icons8.com\/?size=100&#038;id=aaoukT8evpOE&#038;format=png&#038;color=FFFFFF\" alt=\"TikTok\"><\/a>\n          <a href=\"#\"><img decoding=\"async\" src=\"https:\/\/img.icons8.com\/?size=100&#038;id=0mRu7iM61Z8k&#038;format=png&#038;color=FFFFFF\" alt=\"Facebook\"><\/a>\n        <\/div>\n\n      <\/div>\n\n    <\/div>\n\n  <\/div>\n\n<style>\n\/* ====== ESTILO BASE ====== *\/\n\n.footer-custom {\n  border-top: 1px solid #0A2354;\n  background: #0A2354;\n  color: #fff;\n  padding: 60px 5% 40px;\n  box-sizing: border-box;\n  width: 100vw;\n  position: relative;\n  left: 50%;\n  right: 50%;\n  margin-left: -50vw;\n  margin-right: -50vw;\n  margin-bottom: 0 !important;\n}\n\n.footer-wrapper {\n  max-width: 1400px;\n  margin: auto;\n}\n\n\/* LOGO *\/\n\n.footer-logo {\n  margin-bottom: 45px;\n}\n\n.footer-logo img {\n  max-width: 200px;\n  height: auto;\n}\n\n\/* COLUNAS *\/\n\n.footer-columns {\n  display: grid;\n  grid-template-columns: repeat(5, 1fr);\n  column-gap: 70px;\n  align-items: start;\n}\n\n.footer-col {\n  display: flex;\n  flex-direction: column;\n}\n\n\/* TITULOS *\/\n\n.footer-col h4 {\n  font-size: 16px;\n  margin-bottom: 18px;\n  font-weight: 600;\n}\n\n\/* LINKS (MICRO-ESPA\u00c7AMENTO PREMIUM) *\/\n\n.footer-col a {\n  color: #DFE8E9;\n  text-decoration: none;\n  font-size: 14px;\n  margin: 5px 0;\n  line-height: 1.55;\n  letter-spacing: 0.2px;\n  transition: color 0.2s ease;\n}\n\n.footer-col a:hover {\n  color: #ffffff;\n}\n\n\/* SOCIAL *\/\n\n.footer-social {\n  display: flex;\n  gap: 12px;\n  margin-top: 8px;\n}\n\n.footer-social img {\n  width: 32px;\n  height: 32px;\n  border-radius: 6px;\n  transition: transform 0.2s ease;\n}\n\n.footer-social img:hover {\n  transform: scale(1.1);\n}\n\n\/* ===== AJUSTE DESKTOP SPINTECH ===== *\/\n\n@media (min-width: 769px) {\n\n.post-section,\n#post-section,\n.st-py-default,\n.st-pb-default {\n  margin-bottom: 0 !important;\n  padding-bottom: 0 !important;\n}\n\n.footer-custom {\n  margin-top: 0 !important;\n}\n\n}\n\n\/* ===== RESPONSIVO ===== *\/\n\n@media (max-width: 1024px) {\n\n.footer-columns {\n  grid-template-columns: repeat(2, 1fr);\n  row-gap: 35px;\n}\n\n}\n\n@media (max-width: 768px) {\n\n.footer-custom {\n  padding: 40px 8% 30px;\n  margin-bottom: 0 !important;\n}\n\n.footer-columns {\n  grid-template-columns: 1fr;\n  row-gap: 28px;\n}\n\n.footer-logo {\n  margin-bottom: 30px;\n}\n\n\/* REMOVE ESPA\u00c7O ABAIXO DO RODAP\u00c9 NO MOBILE *\/\n\n.post-section,\n#post-section,\n.st-py-default,\n.st-pb-default,\n.site-footer,\n.footer,\n.st-footer {\n  margin-bottom: 0 !important;\n  padding-bottom: 0 !important;\n}\n\nbody {\n  margin-bottom: 0 !important;\n}\n\n}\n\n\/* ===== COR DO RODAP\u00c9 SPINTECH ===== *\/\n\nfooter,\nfooter .site-footer,\nfooter .footer,\nfooter .st-footer,\n.site-footer,\n.footer,\n.st-footer,\n.footer-widgets,\n.footer-widgets .widget,\n.footer-widgets .widget * {\n  background-color: #0A2354 !important;\n  color: #fff !important;\n}\n\n.footer-info,\n.footer-info *,\n.site-footer .site-info,\n.site-footer .site-info * {\n  background-color: #0A2354 !important;\n  color: #fff !important;\n}\n\n<\/style>\n<\/div>\n<!-- ==== FIM DO RODAP\u00c9 PERSONALIZADO ==== -->\n\n\n","protected":false},"excerpt":{"rendered":"<p>Obrigado pelo seu interesse. Como podemos ajudar? Para melhor atend\u00ea-lo(a), por favor, preencha o formul\u00e1rio abaixo. Campos de preenchimento obrigat\u00f3rio (*). SOBRE A RODRICH Prop\u00f3sito e valores O que oferecemos Compromisso com resultados Compromisso com o desenvolvimento SERVI\u00c7OS Consultoria Gest\u00e3o Economia Educa\u00e7\u00e3o EXPLORE Artigo Videos INFORMA\u00c7\u00d5ES RELACIONADAS Fale conosco Mapa do site Pol\u00edtica de privacidade [&hellip;]<\/p>\n","protected":false},"author":1,"featured_media":0,"parent":0,"menu_order":0,"comment_status":"closed","ping_status":"closed","template":"","meta":{"footnotes":""},"class_list":["post-47","page","type-page","status-publish","hentry"],"_links":{"self":[{"href":"https:\/\/rodrich.com.br\/index.php?rest_route=\/wp\/v2\/pages\/47","targetHints":{"allow":["GET"]}}],"collection":[{"href":"https:\/\/rodrich.com.br\/index.php?rest_route=\/wp\/v2\/pages"}],"about":[{"href":"https:\/\/rodrich.com.br\/index.php?rest_route=\/wp\/v2\/types\/page"}],"author":[{"embeddable":true,"href":"https:\/\/rodrich.com.br\/index.php?rest_route=\/wp\/v2\/users\/1"}],"replies":[{"embeddable":true,"href":"https:\/\/rodrich.com.br\/index.php?rest_route=%2Fwp%2Fv2%2Fcomments&post=47"}],"version-history":[{"count":120,"href":"https:\/\/rodrich.com.br\/index.php?rest_route=\/wp\/v2\/pages\/47\/revisions"}],"predecessor-version":[{"id":3932,"href":"https:\/\/rodrich.com.br\/index.php?rest_route=\/wp\/v2\/pages\/47\/revisions\/3932"}],"wp:attachment":[{"href":"https:\/\/rodrich.com.br\/index.php?rest_route=%2Fwp%2Fv2%2Fmedia&parent=47"}],"curies":[{"name":"wp","href":"https:\/\/api.w.org\/{rel}","templated":true}]}}